{"id":33,"date":"2022-01-14T17:05:16","date_gmt":"2022-01-14T17:05:16","guid":{"rendered":"https:\/\/arge-rumaenien.ch\/?page_id=33"},"modified":"2022-01-24T20:09:46","modified_gmt":"2022-01-24T20:09:46","slug":"literatur-zum-sammelgebiet-rumaenien","status":"publish","type":"page","link":"https:\/\/arge-rumaenien.ch\/?page_id=33","title":{"rendered":"Literatur zum Sammelgebiet Rum\u00e4nien"},"content":{"rendered":"\t\t<div data-elementor-type=\"wp-page\" data-elementor-id=\"33\" class=\"elementor elementor-33\">\n\t\t\t\t\t\t\t\t\t<section class=\"elementor-section elementor-top-section elementor-element elementor-element-27e48309 elementor-section-boxed elementor-section-height-default elementor-section-height-default\" data-id=\"27e48309\" data-element_type=\"section\">\n\t\t\t\t\t\t<div class=\"elementor-container elementor-column-gap-default\">\n\t\t\t\t\t<div class=\"elementor-column elementor-col-100 elementor-top-column elementor-element elementor-element-57b845cd\" data-id=\"57b845cd\" data-element_type=\"column\">\n\t\t\t<div class=\"elementor-widget-wrap elementor-element-populated\">\n\t\t\t\t\t\t\t\t<div class=\"elementor-element elementor-element-38d703a7 elementor-widget elementor-widget-text-editor\" data-id=\"38d703a7\" data-element_type=\"widget\" data-widget_type=\"text-editor.default\">\n\t\t\t\t<div class=\"elementor-widget-container\">\n\t\t\t<style>\/*! elementor - v3.6.1 - 23-03-2022 *\/\n.elementor-widget-text-editor.elementor-drop-cap-view-stacked .elementor-drop-cap{background-color:#818a91;color:#fff}.elementor-widget-text-editor.elementor-drop-cap-view-framed .elementor-drop-cap{color:#818a91;border:3px solid;background-color:transparent}.elementor-widget-text-editor:not(.elementor-drop-cap-view-default) .elementor-drop-cap{margin-top:8px}.elementor-widget-text-editor:not(.elementor-drop-cap-view-default) .elementor-drop-cap-letter{width:1em;height:1em}.elementor-widget-text-editor .elementor-drop-cap{float:left;text-align:center;line-height:1;font-size:50px}.elementor-widget-text-editor .elementor-drop-cap-letter{display:inline-block}<\/style>\t\t\t\t<p><!-- wp:image {\"align\":\"center\",\"id\":36,\"width\":530,\"height\":806,\"sizeSlug\":\"full\",\"linkDestination\":\"none\"} --><\/p>\n<div class=\"wp-block-image\">\n<figure class=\"aligncenter size-full is-resized\"><img loading=\"lazy\" decoding=\"async\" src=\"https:\/\/arge-rumaenien.ch\/wp-content\/uploads\/2022\/01\/lit1-1.jpg\" alt=\"\" class=\"wp-image-36\" width=\"530\" height=\"806\" srcset=\"https:\/\/arge-rumaenien.ch\/wp-content\/uploads\/2022\/01\/lit1-1.jpg 574w, https:\/\/arge-rumaenien.ch\/wp-content\/uploads\/2022\/01\/lit1-1-197x300.jpg 197w\" sizes=\"auto, (max-width: 530px) 100vw, 530px\" \/><\/figure>\n<\/div>\n<p><!-- \/wp:image --><\/p>\n<p><!-- wp:paragraph --><\/p>\n<p>Die Philatelisten haben schon fr\u00fch Spezialwerke herausgegeben, welche sich auf das Sammelgebiet \u201eRum\u00e4nien\u201c (oder seinen Vorl\u00e4ufer F\u00fcrstentum Moldau) konzentrierten. So ist das Werk von \u201eDr. Magnus\u201c (= Jacques Amable Legrand, 1820-1912) meines Wissens das fr\u00fcheste Werk, das wir hier erw\u00e4hnen k\u00f6nnen. Ob die Erstausgabe ebenfalls 1869 erschien (wie die zweite Ausgabe, oben im Bild gezeigt), w\u00fcrde ich gerne noch verifizieren (Projekt in Arbeit).<\/p>\n<p><!-- \/wp:paragraph --><\/p>\n<p><!-- wp:paragraph --><\/p>\n<p>Die Mitglieder der ARGE Rum\u00e4nien haben heute eine lange Liste von Fachliteratur, welche sie bei der Aus\u00fcbung ihres Hobbys unterst\u00fctzt. Im (geschlossenen) Mitglieder-Bereich (Sektion drei dieser Homepage) versuchen wir alle philatelistischen B\u00fccher mit Bezug zu Rum\u00e4nien aufzulisten und, mittelfristig, auch zu w\u00fcrdigen (Projekt in Arbeit).<\/p>\n<p><!-- \/wp:paragraph --><\/p>\n<p><!-- wp:paragraph --><\/p>\n<p>Heute haben die Sammler eine unvergleichlich bessere Ausgangslage, um sich mit der Postgeschichte und der Philatelie des Sammelgebietes \u201eRum\u00e4nien\u201c auseinanderzusetzen, als vor 50 Jahren. Dies ist nicht zuletzt auf die Aktivit\u00e4ten vieler verdienter Philatelisten der ARGE Rum\u00e4nien zu verdanken!<\/p>\n<p><!-- \/wp:paragraph --><\/p>\n<p><!-- wp:paragraph --><\/p>\n<p>Welche Literatur ben\u00f6tigt ein Sammler von Rum\u00e4nien?<\/p>\n<p><!-- \/wp:paragraph --><\/p>\n<p><!-- wp:paragraph --><\/p>\n<p>Diese Frage ist nat\u00fcrlich abh\u00e4ngig vom genauen Sammelgebiet (siehe Rubrik 4 dieser Homepage). Um die Briefmarken zu bestimmen, und deren aktuellen Wert absch\u00e4tzen zu k\u00f6nnen, ist wohl die Anschaffung eines Michel-Kataloges zu empfehlen. Michel hat vor Kurzem seine Europa-Kataloge weiter aufgeteilt; es gen\u00fcgen heute nicht mehr drei Kataloge f\u00fcr Europa\u2026 Der aktuelle Katalog \u201eMichel\u201c ist in der Europa-Serie der Katalog 8 (von 16; seit Ausgabe 2020).<\/p>\n<p><!-- \/wp:paragraph --><\/p>\n<p><!-- wp:image {\"align\":\"center\",\"id\":37,\"width\":512,\"height\":770,\"sizeSlug\":\"full\",\"linkDestination\":\"none\"} --><\/p>\n<div class=\"wp-block-image\">\n<figure class=\"aligncenter size-full is-resized\"><img loading=\"lazy\" decoding=\"async\" src=\"https:\/\/arge-rumaenien.ch\/wp-content\/uploads\/2022\/01\/lit2-1.jpg\" alt=\"\" class=\"wp-image-37\" width=\"512\" height=\"770\" srcset=\"https:\/\/arge-rumaenien.ch\/wp-content\/uploads\/2022\/01\/lit2-1.jpg 563w, https:\/\/arge-rumaenien.ch\/wp-content\/uploads\/2022\/01\/lit2-1-199x300.jpg 199w\" sizes=\"auto, (max-width: 512px) 100vw, 512px\" \/><\/figure>\n<\/div>\n<p><!-- \/wp:image --><\/p>\n<p><!-- wp:paragraph --><\/p>\n<p>Ich erlaube mir, an dieser Stelle aber ausdr\u00fccklich auch auf die anderen \u201eWelt\u201c-Kataloge von Stanley Gibbons (Grossbritannien), Scott (USA) und Yvert &amp; Tellier (Frankreich) hinzuweisen, die teilweise andere Akzentlegungen pflegen, als das Haus Michel. Auch der Schweizer Katalog \u201eZumstein\u201c, der leider 1993 die Herausgabe seines \u201eEuropa\u201c-Kataloges einstellte, sei ausdr\u00fccklich empfohlen, er gibt Informationen, die man bei Michel vergeblich sucht.<\/p>\n<p><!-- \/wp:paragraph --><\/p>\n<p><!-- wp:image {\"align\":\"center\",\"id\":38,\"width\":538,\"height\":739,\"sizeSlug\":\"full\",\"linkDestination\":\"none\"} --><\/p>\n<div class=\"wp-block-image\">\n<figure class=\"aligncenter size-full is-resized\"><img loading=\"lazy\" decoding=\"async\" src=\"https:\/\/arge-rumaenien.ch\/wp-content\/uploads\/2022\/01\/lit-3.jpg\" alt=\"\" class=\"wp-image-38\" width=\"538\" height=\"739\" srcset=\"https:\/\/arge-rumaenien.ch\/wp-content\/uploads\/2022\/01\/lit-3.jpg 649w, https:\/\/arge-rumaenien.ch\/wp-content\/uploads\/2022\/01\/lit-3-218x300.jpg 218w\" sizes=\"auto, (max-width: 538px) 100vw, 538px\" \/><\/figure>\n<\/div>\n<p><!-- \/wp:image --><\/p>\n<p><!-- wp:paragraph --><\/p>\n<p><em>Format: H\u00f6he 23 cm (Michel) bzw. 24 cm (Zumstein) und 24.5 cm (CMPR)<\/em><\/p>\n<p><!-- \/wp:paragraph --><\/p>\n<p><!-- wp:paragraph --><\/p>\n<p>Noch um eine Klasse besser und detailfreudiger ist mein Favorit f\u00fcr die Briefmarken von Rum\u00e4nien, der CMPR `74. Der einzige Nachteil dieses Kataloges ist, dass er nun bald 50 Jahre alt ist.<\/p>\n<p><!-- \/wp:paragraph --><\/p>\n<p><!-- wp:image {\"align\":\"center\",\"id\":39,\"width\":541,\"height\":759,\"sizeSlug\":\"full\",\"linkDestination\":\"none\"} --><\/p>\n<div class=\"wp-block-image\">\n<figure class=\"aligncenter size-full is-resized\"><img loading=\"lazy\" decoding=\"async\" src=\"https:\/\/arge-rumaenien.ch\/wp-content\/uploads\/2022\/01\/lit-4.jpg\" alt=\"\" class=\"wp-image-39\" width=\"541\" height=\"759\" srcset=\"https:\/\/arge-rumaenien.ch\/wp-content\/uploads\/2022\/01\/lit-4.jpg 528w, https:\/\/arge-rumaenien.ch\/wp-content\/uploads\/2022\/01\/lit-4-214x300.jpg 214w\" sizes=\"auto, (max-width: 541px) 100vw, 541px\" \/><\/figure>\n<\/div>\n<p><!-- \/wp:image --><\/p>\n<p><!-- wp:paragraph --><\/p>\n<p>F\u00fcr die Ganzsachen Rum\u00e4niens bietet sich der alte Katalog Ascher an, der allerdings noch \u00e4lter ist (1928). <br><br><\/p>\n<p><!-- \/wp:paragraph --><\/p>\n<p><!-- wp:image {\"align\":\"center\",\"id\":40,\"sizeSlug\":\"full\",\"linkDestination\":\"none\"} --><\/p>\n<div class=\"wp-block-image\">\n<figure class=\"aligncenter size-full\"><img loading=\"lazy\" decoding=\"async\" width=\"379\" height=\"703\" src=\"https:\/\/arge-rumaenien.ch\/wp-content\/uploads\/2022\/01\/lit-5.jpg\" alt=\"\" class=\"wp-image-40\" srcset=\"https:\/\/arge-rumaenien.ch\/wp-content\/uploads\/2022\/01\/lit-5.jpg 379w, https:\/\/arge-rumaenien.ch\/wp-content\/uploads\/2022\/01\/lit-5-162x300.jpg 162w\" sizes=\"auto, (max-width: 379px) 100vw, 379px\" \/><\/figure>\n<\/div>\n<p><!-- \/wp:image --><\/p>\n<p><!-- wp:paragraph --><\/p>\n<p>Nat\u00fcrlich kann man sich auch mit einem Michel-Ganzsachen-Katalog behelfen, oder aber vielleicht besser noch mit dem rum\u00e4nischen Werk von Emanoil Savoiu. Anbei ein Bild des Bandes, der denselben Zeitraum abdeckt, wie der alte Ascher.<br><br><\/p>\n<p><!-- \/wp:paragraph --><\/p>\n<p><!-- wp:paragraph --><\/p>\n<p><!-- \/wp:paragraph --><\/p>\n<p><!-- wp:image {\"id\":154,\"sizeSlug\":\"large\",\"linkDestination\":\"none\"} --><\/p>\n<figure class=\"wp-block-image size-large\"><img loading=\"lazy\" decoding=\"async\" width=\"786\" height=\"1024\" src=\"https:\/\/arge-rumaenien.ch\/wp-content\/uploads\/2022\/01\/Savoiu-Ganzsachen-786x1024.jpg\" alt=\"\" class=\"wp-image-154\" srcset=\"https:\/\/arge-rumaenien.ch\/wp-content\/uploads\/2022\/01\/Savoiu-Ganzsachen-786x1024.jpg 786w, https:\/\/arge-rumaenien.ch\/wp-content\/uploads\/2022\/01\/Savoiu-Ganzsachen-230x300.jpg 230w, https:\/\/arge-rumaenien.ch\/wp-content\/uploads\/2022\/01\/Savoiu-Ganzsachen-768x1001.jpg 768w, https:\/\/arge-rumaenien.ch\/wp-content\/uploads\/2022\/01\/Savoiu-Ganzsachen-1178x1536.jpg 1178w, https:\/\/arge-rumaenien.ch\/wp-content\/uploads\/2022\/01\/Savoiu-Ganzsachen-1571x2048.jpg 1571w, https:\/\/arge-rumaenien.ch\/wp-content\/uploads\/2022\/01\/Savoiu-Ganzsachen-1568x2044.jpg 1568w, https:\/\/arge-rumaenien.ch\/wp-content\/uploads\/2022\/01\/Savoiu-Ganzsachen.jpg 1700w\" sizes=\"auto, (max-width: 786px) 100vw, 786px\" \/><p><\/p>\n<figcaption><em>256 Seiten, Format A 4, Erscheinungsjahr 2014, ISBN 978-973-660-521-5<\/em><\/figcaption>\n<\/figure>\n<p><!-- \/wp:image --><\/p>\n<p><!-- wp:paragraph --><\/p>\n<p>Ein Buch, das jeden Nutzer begeistert, trotz der teilweise mangelhaften Qualit\u00e4t der Abbildungen, ist das Epoche-pr\u00e4gende Buch \u00fcber die Abstempelungen Rum\u00e4nien 1822-1910. <br><br><\/p>\n<p><!-- \/wp:paragraph --><\/p>\n<p><!-- wp:image {\"align\":\"center\",\"id\":42,\"width\":560,\"height\":790,\"sizeSlug\":\"full\",\"linkDestination\":\"none\"} --><\/p>\n<div class=\"wp-block-image\">\n<figure class=\"aligncenter size-full is-resized\"><img loading=\"lazy\" decoding=\"async\" src=\"https:\/\/arge-rumaenien.ch\/wp-content\/uploads\/2022\/01\/lit-7.jpg\" alt=\"\" class=\"wp-image-42\" width=\"560\" height=\"790\" srcset=\"https:\/\/arge-rumaenien.ch\/wp-content\/uploads\/2022\/01\/lit-7.jpg 534w, https:\/\/arge-rumaenien.ch\/wp-content\/uploads\/2022\/01\/lit-7-213x300.jpg 213w\" sizes=\"auto, (max-width: 560px) 100vw, 560px\" \/><br><br><\/figure>\n<\/div>\n<p><!-- \/wp:image --><\/p>\n<p><!-- wp:paragraph --><\/p>\n<p>Im Jahr 1990 hat sich der Autor Kiriac Dragomir ein Denkmal gesetzt. Vor kurzem erschien ein Nachfolgewerk von Herrn Calin Marinescu: \u201eThe&nbsp;Romanian&nbsp;Post&nbsp;Office&nbsp;Cancelling&nbsp;Devices,&nbsp;Postmarks,&nbsp;Markings&nbsp;and&nbsp;Seals&nbsp;1852-2017\u201c. <\/p>\n<p><!-- \/wp:paragraph --><\/p>\n<p><!-- wp:paragraph --><\/p>\n<p>Derselbe Autor hatte sich schon fr\u00fcher seine Lorbeeren verdient mit der Publikation mehrerer B\u00fccher. Sein Meisterwerk ist meines Erachtens das zweib\u00e4ndige Werk \u00fcber die Portostufen-Entwicklung. Die Zweitauflage \u00fcbertrifft die n\u00fctzliche erste Auflage von 1992 noch deutlich.<br><br><\/p>\n<p><!-- \/wp:paragraph --><\/p>\n<p><!-- wp:image {\"align\":\"center\",\"id\":43,\"width\":447,\"height\":634,\"sizeSlug\":\"full\",\"linkDestination\":\"none\"} --><\/p>\n<div class=\"wp-block-image\">\n<figure class=\"aligncenter size-full is-resized\"><img loading=\"lazy\" decoding=\"async\" src=\"https:\/\/arge-rumaenien.ch\/wp-content\/uploads\/2022\/01\/lit-8.jpg\" alt=\"\" class=\"wp-image-43\" width=\"447\" height=\"634\" srcset=\"https:\/\/arge-rumaenien.ch\/wp-content\/uploads\/2022\/01\/lit-8.jpg 354w, https:\/\/arge-rumaenien.ch\/wp-content\/uploads\/2022\/01\/lit-8-212x300.jpg 212w\" sizes=\"auto, (max-width: 447px) 100vw, 447px\" \/><\/figure>\n<\/div>\n<p><!-- \/wp:image --><\/p>\n<p><!-- wp:paragraph --><\/p>\n<p>Zur Postgeschichte erhielten die Philatelisten in den letzten Jahren auch wertvolle Erg\u00e4nzungen geschenkt. Eine unglaubliche Fleiss-Leistung lieferte Dr. Gertlieb Gmach in den Jahren 2014 \u2013 2017 ab mit der Publikation des Werkes \u00ab\u00d6sterreichische und ungarische Posteinrichtungen in den Donauf\u00fcrstent\u00fcmern 1782 bis 1880\u00bb. <br><br><\/p>\n<p><!-- \/wp:paragraph --><\/p>\n<p><!-- wp:image {\"align\":\"center\",\"id\":67,\"sizeSlug\":\"large\",\"linkDestination\":\"none\"} --><\/p>\n<div class=\"wp-block-image\">\n<figure class=\"aligncenter size-large\"><img loading=\"lazy\" decoding=\"async\" width=\"747\" height=\"1024\" src=\"https:\/\/arge-rumaenien.ch\/wp-content\/uploads\/2022\/01\/Gmach-Buch-3-747x1024.jpg\" alt=\"\" class=\"wp-image-67\" srcset=\"https:\/\/arge-rumaenien.ch\/wp-content\/uploads\/2022\/01\/Gmach-Buch-3-747x1024.jpg 747w, https:\/\/arge-rumaenien.ch\/wp-content\/uploads\/2022\/01\/Gmach-Buch-3-219x300.jpg 219w, https:\/\/arge-rumaenien.ch\/wp-content\/uploads\/2022\/01\/Gmach-Buch-3-768x1053.jpg 768w, https:\/\/arge-rumaenien.ch\/wp-content\/uploads\/2022\/01\/Gmach-Buch-3-1120x1536.jpg 1120w, https:\/\/arge-rumaenien.ch\/wp-content\/uploads\/2022\/01\/Gmach-Buch-3-1494x2048.jpg 1494w, https:\/\/arge-rumaenien.ch\/wp-content\/uploads\/2022\/01\/Gmach-Buch-3-1568x2150.jpg 1568w, https:\/\/arge-rumaenien.ch\/wp-content\/uploads\/2022\/01\/Gmach-Buch-3.jpg 1584w\" sizes=\"auto, (max-width: 747px) 100vw, 747px\" \/><\/figure>\n<\/div>\n<p><!-- \/wp:image --><\/p>\n<p><!-- wp:paragraph --><\/p>\n<p>Das Gesamtwerk umfasst 4 B\u00e4nde im Umfang von 358, 349, 411 und 466 Seiten. Seine Forschungen in den Archiven erforderten sicherlich eine vierstellige Zahl von Stunden\u2026<\/p>\n<p><!-- \/wp:paragraph --><\/p>\n<p><!-- wp:paragraph --><\/p>\n<p>Das Sammelgebiet Rum\u00e4nien stand vor rund 50 Jahren in der Gunst der Sammler nicht hoch oben. Dies hat sich in den letzten Jahrzehnten gr\u00fcndlich ge\u00e4ndert. Dies verdanken wir zu einem wesentlichen Teil auch dem unerm\u00fcdlichen Werben f\u00fcr das Gebiet durch den Ersten Vorsitzenden 1972-2021, Fritz Heimb\u00fcchler. Sein Schwerpunkt lag bei den ersten acht Briefmarkenausgaben von Rum\u00e4nien 1858-1872, denen er auch 1994 und 2002 zwei B\u00fccher widmete (plus einen Erg\u00e4nzungs-band 2007). Sein Werk \u00abRum\u00e4nien: F\u00fcrstentum Walachei 1820-1862, Vereinigte F\u00fcrstent\u00fcmer 1862-1872\u00bb erhielt 2003 den h\u00f6chst ehrenvollen Buchpreis der Royal Philatelic Society London, die Crawford Medaille.<br><br><\/p>\n<p><!-- \/wp:paragraph --><\/p>\n<p><!-- wp:image {\"align\":\"center\",\"id\":45,\"sizeSlug\":\"full\",\"linkDestination\":\"none\"} --><\/p>\n<div class=\"wp-block-image\">\n<figure class=\"aligncenter size-full\"><img loading=\"lazy\" decoding=\"async\" width=\"609\" height=\"848\" src=\"https:\/\/arge-rumaenien.ch\/wp-content\/uploads\/2022\/01\/lit-10.jpg\" alt=\"\" class=\"wp-image-45\" srcset=\"https:\/\/arge-rumaenien.ch\/wp-content\/uploads\/2022\/01\/lit-10.jpg 609w, https:\/\/arge-rumaenien.ch\/wp-content\/uploads\/2022\/01\/lit-10-215x300.jpg 215w\" sizes=\"auto, (max-width: 609px) 100vw, 609px\" \/><\/figure>\n<\/div>\n<p><!-- \/wp:image --><\/p>\n<p><!-- wp:paragraph --><\/p>\n<p><br>Ich hoffe, dass mir all jene Autoren, die ihr Werk nun hier nicht erw\u00e4hnt sehen, verzeihen m\u00f6gen. Bitte werden Sie Mitglied der ARGE Rum\u00e4nien, vermutlich finden Sie dann bald in Rubrik 3 dieser Homepage Ihr Werk ebenfalls erw\u00e4hnt.<br><br><\/p>\n<p><!-- \/wp:paragraph --><\/p>\n<p><!-- wp:image {\"align\":\"center\",\"id\":46,\"sizeSlug\":\"full\",\"linkDestination\":\"none\"} --><\/p>\n<div class=\"wp-block-image\">\n<figure class=\"aligncenter size-full\"><img loading=\"lazy\" decoding=\"async\" width=\"549\" height=\"787\" src=\"https:\/\/arge-rumaenien.ch\/wp-content\/uploads\/2022\/01\/lit-11.jpg\" alt=\"\" class=\"wp-image-46\" srcset=\"https:\/\/arge-rumaenien.ch\/wp-content\/uploads\/2022\/01\/lit-11.jpg 549w, https:\/\/arge-rumaenien.ch\/wp-content\/uploads\/2022\/01\/lit-11-209x300.jpg 209w\" sizes=\"auto, (max-width: 549px) 100vw, 549px\" \/><p><\/p>\n<figcaption><em>Auktionskatalog Robson Lowe, London, Auktion in Basel (in Zusammenarbeit mit Urs P. Kaufmann), 1966, 60 Seiten, Format: 24.5 x 17 cm<\/em><\/figcaption>\n<\/figure>\n<\/div>\n<p><!-- \/wp:image --><\/p>\n<p><!-- wp:paragraph --><\/p>\n<p>Unsere kleine \u00dcbersicht \u00fcber die Literatur w\u00e4re nicht komplett, wenn wir nicht auch die Auktionskataloge erw\u00e4hnen w\u00fcrden. In diesen Katalogen finden die Sammler das Sammelgut, das aktuell auf den Markt kommt. Das Studium dieser \u2013 oft \u00e4usserst detailreichen \u2013 Kataloge ist f\u00fcr die Sammler h\u00f6chst lehrreich und hilft ihnen, ihr Sammelgebiet auch finanziell einigermassen bewerten zu k\u00f6nnen.<\/p>\n<p><!-- \/wp:paragraph --><\/p>\n<p><!-- wp:image --><\/p>\n<figure class=\"wp-block-image\"><img alt=\"\"><\/figure>\n<p><!-- \/wp:image --><\/p>\n<p><!-- wp:paragraph --><\/p>\n<p>Version 2 \u2013 hgl 2022-01-22<\/p>\n<p><!-- \/wp:paragraph --><\/p>\t\t\t\t\t\t<\/div>\n\t\t\t\t<\/div>\n\t\t\t\t\t<\/div>\n\t\t<\/div>\n\t\t\t\t\t\t\t<\/div>\n\t\t<\/section>\n\t\t\t\t\t\t\t<\/div>\n\t\t","protected":false},"excerpt":{"rendered":"<p>Die Philatelisten haben schon fr\u00fch Spezialwerke herausgegeben, welche sich auf das Sammelgebiet \u201eRum\u00e4nien\u201c (oder seinen Vorl\u00e4ufer F\u00fcrstentum Moldau) konzentrierten. So ist das Werk von \u201eDr. Magnus\u201c (= Jacques Amable Legrand, 1820-1912) meines Wissens das fr\u00fcheste Werk, das wir hier erw\u00e4hnen k\u00f6nnen. Ob die Erstausgabe ebenfalls 1869 erschien (wie die zweite Ausgabe, oben im Bild gezeigt),&hellip; <a class=\"more-link\" href=\"https:\/\/arge-rumaenien.ch\/?page_id=33\"><span class=\"screen-reader-text\">Literatur zum Sammelgebiet Rum\u00e4nien<\/span> weiterlesen<\/a><\/p>\n","protected":false},"author":1,"featured_media":0,"parent":0,"menu_order":0,"comment_status":"closed","ping_status":"closed","template":"","meta":{"footnotes":""},"class_list":["post-33","page","type-page","status-publish","hentry","entry"],"_links":{"self":[{"href":"https:\/\/arge-rumaenien.ch\/index.php?rest_route=\/wp\/v2\/pages\/33","targetHints":{"allow":["GET"]}}],"collection":[{"href":"https:\/\/arge-rumaenien.ch\/index.php?rest_route=\/wp\/v2\/pages"}],"about":[{"href":"https:\/\/arge-rumaenien.ch\/index.php?rest_route=\/wp\/v2\/types\/page"}],"author":[{"embeddable":true,"href":"https:\/\/arge-rumaenien.ch\/index.php?rest_route=\/wp\/v2\/users\/1"}],"replies":[{"embeddable":true,"href":"https:\/\/arge-rumaenien.ch\/index.php?rest_route=%2Fwp%2Fv2%2Fcomments&post=33"}],"version-history":[{"count":13,"href":"https:\/\/arge-rumaenien.ch\/index.php?rest_route=\/wp\/v2\/pages\/33\/revisions"}],"predecessor-version":[{"id":793,"href":"https:\/\/arge-rumaenien.ch\/index.php?rest_route=\/wp\/v2\/pages\/33\/revisions\/793"}],"wp:attachment":[{"href":"https:\/\/arge-rumaenien.ch\/index.php?rest_route=%2Fwp%2Fv2%2Fmedia&parent=33"}],"curies":[{"name":"wp","href":"https:\/\/api.w.org\/{rel}","templated":true}]}}